actors of 6707?
19, 353
What are the prime factors of 1090?
2, 5, 109
List the prime factors of 4048.
2, 11, 23
List the prime factors of 2381.
2381
List the prime factors of 21527.
11, 19, 103
What are the prime factors of 850?
2, 5, 17
What are the prime factors of 12453?
3, 7, 593
List the prime factors of 149426.
2, 74713
What are the prime factors of 24910?
2, 5, 47, 53
List the prime factors of 8062.
2, 29, 139
List the prime factors of 1556.
2, 389
What are the prime factors of 9150?
2, 3, 5, 61
What are the prime factors of 750?
2, 3, 5
What are the prime factors of 10558?
2, 5279
What are the prime factors of 8163?
3, 907
List the prime factors of 11468.
2, 47, 61
List the prime factors of 1675.
5, 67
List the prime factors of 64637.
109, 593
List the prime factors of 22445.
5, 67
What are the prime factors of 1041?
3, 347
What are the prime factors of 8830?
2, 5, 883
List the prime factors of 11977.
7, 29, 59
What are the prime factors of 6460?
2, 5, 17, 19
What are the prime factors of 113319?
3, 1399
What are the prime factors of 63987?
3, 7, 11, 277
What are the prime factors of 613?
613
List the prime factors of 76266.
2, 3, 19, 223
What are the prime factors of 5144?
2, 643
What are the prime factors of 6006?
2, 3, 7, 11, 13
List the prime factors of 96956.
2, 24239
List the prime factors of 3333.
3, 11, 101
List the prime factors of 4541.
19, 239
List the prime factors of 792.
2, 3, 11
What are the prime factors of 24?
2, 3
List the prime factors of 6190.
2, 5, 619
List the prime factors of 24651.
3, 11, 83
What are the prime factors of 27903?
3, 71, 131
What are the prime factors of 13179?
3, 23, 191
What are the prime factors of 2160?
2, 3, 5
What are the prime factors of 23223?
3, 7741
What are the prime factors of 22440?
2, 3, 5, 11, 17
List the prime factors of 23208.
2, 3, 967
What are the prime factors of 1425?
3, 5, 19
List the prime factors of 1048.
2, 131
What are the prime factors of 5736?
2, 3, 239
List the prime factors of 42343.
7, 23, 263
List the prime factors of 102952.
2, 17, 757
List the prime factors of 30203.
30203
List the prime factors of 39786.
2, 3, 19, 349
What are the prime factors of 93162?
2, 3, 15527
What are the prime factors of 33164?
2, 8291
List the prime factors of 36570.
2, 3, 5, 23, 53
What are the prime factors of 26064?
2, 3, 181
List the prime factors of 3437.
7, 491
List the prime factors of 1279.
1279
What are the prime factors of 52779?
3, 73, 241
List the prime factors of 29890.
2, 5, 7, 61
What are the prime factors of 63766?
2, 31883
List the prime factors of 2542.
2, 31, 41
What are the prime factors of 20966?
2, 11, 953
List the prime factors of 16119.
3, 199
List the prime factors of 5443.
5443
List the prime factors of 2025.
3, 5
List the prime factors of 2321.
11, 211
List the prime factors of 1927.
41, 47
List the prime factors of 26.
2, 13
List the prime factors of 3564.
2, 3, 11
What are the prime factors of 178?
2, 89
What are the prime factors of 8713?
8713
List the prime factors of 1259.
1259
What are the prime factors of 5086?
2, 2543
List the prime factors of 29687.
7, 4241
What are the prime factors of 992?
2, 31
What are the prime factors of 7878?
2, 3, 13, 101
List the prime factors of 2362.
2, 1181
What are the prime factors of 3296?
2, 103
What are the prime factors of 228?
2, 3, 19
What are the prime factors of 22110?
2, 3, 5, 11, 67
List the prime factors of 1980.
2, 3, 5, 11
List the prime factors of 442.
2, 13, 17
What are the prime factors of 1082?
2, 541
List the prime factors of 1734.
2, 3, 17
What are the prime factors of 1602?
2, 3, 89
What are the prime factors of 2250?
2, 3, 5
List the prime factors of 1145.
5, 229
What are the prime factors of 87847?
107, 821
What are the prime factors of 47393?
83, 571
List the prime factors of 93544.
2, 11, 1063
What are the prime factors of 702?
2, 3, 13
List the prime factors of 44606.
2, 22303
What are the prime factors of 2692?
2, 673
What are the prime factors of 1646?
2, 823
What are the prime factors of 27775?
5, 11, 101
List the prime factors of 45999.
3, 19, 269
List the prime factors of 1830.
2, 3, 5, 61
What are the prime factors of 65347?
101, 647
List the prime factors of 9779.
7, 11, 127
What are the prime factors of 4989?
3, 1663
List the prime factors of 1804.
2, 11, 41
What are the prime factors of 1629?
3, 181
List the prime factors of 3808.
2, 7, 17
What are the prime factors of 65938?
2, 32969
List the prime factors of 944.
2, 59
What are the prime factors of 2564?
2, 641
What are the prime factors of 2?
2
List the prime factors of 49133.
7, 7019
List the prime factors of 1051.
1051
List the prime factors of 53243.
37, 1439
What are the prime factors of 139?
139
What are the prime factors of 2770?
2, 5, 277
List the prime factors of 16442.
2, 8221
List the prime factors of 2086.
2, 7, 149
What are the prime factors of 951?
3, 317
List the prime factors of 7841.
7841
List the prime factors of 2180.
2, 5, 109
List the prime factors of 42049.
7, 6007
List the prime factors of 1002.
2, 3, 167
List the prime factors of 526.
2, 263
List the prime factors of 702.
2, 3, 13
List the prime factors of 7067.
37, 191
What are the prime factors of 5910?
2, 3, 5, 197
What are the prime factors of 2295?
3, 5, 17
List the prime factors of 1731.
3, 577
What are the prime factors of 10091?
10091
List the prime factors of 26204.
2, 6551
List the prime factors of 38428.
2, 13, 739
What are the prime factors of 77505?
3, 5, 5167
What are the prime factors of 30605?
5, 6121
List the prime factors of 3.
3
What are the prime factors of 2571?
3, 857
List the prime factors of 15116.
2, 3779
List the prime factors of 831.
3, 277
What are the prime factors of 55487?
55487
What are the prime factors of 22034?
2, 23, 479
What are the prime factors of 972?
2, 3
What are the prime factors of 21524?
2, 5381
List the prime factors of 1991.
11, 181
What are the prime factors of 81237?
3, 13, 2083
What are the prime factors of 985?
5, 197
List the prime factors of 38939.
23, 1693
What are the prime factors of 838?
2, 419
What are the prime factors of 5790?
2, 3, 5, 193
List the prime factors of 917.
7, 131
List the prime factors of 9788.
2, 2447
What are the prime factors of 33328?
2, 2083
List the prime factors of 3123.
3, 347
List the prime factors of 2687.
2687
List the prime factors of 12276.
2, 3, 11, 31
List the prime factors of 405.
3, 5
List the prime factors of 3792.
2, 3, 79
List the prime factors of 2788.
2, 17, 41
What are the prime factors of 36813?
3, 7, 1753
What are the prime factors of 702?
2, 3, 13
What are the prime factors of 1673?
7, 239
What are the prime factors of 133055?
5, 13, 23, 89
List the prime factors of 135297.
3, 5011
What are the prime factors of 11717?
11717
List the prime factors of 32019.
3, 13, 821
What are the prime factors of 1064?
2, 7, 19
List the prime factors of 84023.
73, 1151
What are the prime factors of 12550?
2, 5, 251
List the prime factors of 997.
997
What are the prime factors of 10246?
2, 47, 109
What are the prime factors of 11155?
5, 23, 97
List the prime factors of 10424.
2, 1303
List the prime factors of 830.
2, 5, 83
List the prime factors of 52083.
3, 643
What are the prime factors of 232?
2, 29
List the prime factors of 1610.
2, 5, 7, 23
What are the prime factors of 1023?
3, 11, 31
List the prime factors of 3760.
2, 5, 47
What are the prime factors of 10089?
3, 19, 59
List the prime factors of 95893.
7, 19, 103
List the prime factors of 31427.
11, 2857
What are the prime factors of 1950?
2, 3, 5, 13
List the prime factors of 35868.
2, 3, 7, 61
List the prime factors of 3678.
2, 3, 613
List the prime factors of 93564.
2, 3, 23, 113
List the prime factors of 92454.
2, 3, 19, 811
List the prime factors of 29517.
3, 9839
What are the prime factors of 75804?
2, 3, 6317
What are the prime factors of 848?
2, 53
List the prime factors of 10229.
53, 193
List the prime factors of 3778.
2, 1889
List the prime factors of 1625.
5, 13
List the prime factors of 19924.
2, 17, 293
List the prime factors of 6626.
2, 3313
List the prime factors of 14780.
2, 5, 739
List the prime factors of 2839.
17, 167
List the prime factors of 43843.
17, 2579
List the prime factors of 5153.
5153
List th